/(-9))/(o/(-90)). Let f = y - -4. Is f composite?
False
Let y = -41 - -41. Suppose 5*x = -3*g - 2*g + 6975, y = 4*g - 4*x - 5612. Is g prime?
True
Suppose q - i = -46, q + 5*i - 128 = 4*q. Let g be -10*2/(-70) - (-1228)/14. Let y = g + q. Is y composite?
False
Suppose 3*u + 8 = 7*u. Suppose 0 = 6*n - 7*n + u. Suppose 4*h - n*v - 1000 = -0*h, 512 = 2*h + 5*v. Is h a composite number?
False
Is (-4)/18 - (-25)/(450/50368) prime?
False
Suppose 1644 = c - 2*v, c + 5*v - 1695 = -79. Let a = c + -729. Is a a prime number?
True
Suppose 17 = -3*j - 13. Let c(f) = -3*f**3 - 18*f**2 + 22*f - 21. Is c(j) a prime number?
False
Is (-8)/4*6/4 - -1064 composite?
False
Let t(n) = -n**2 - 2*n - 1. Let u be t(-1). Suppose u = 3*z - 0*x - 2*x + 4, 5*z = -3*x - 32. Is z + -1 - -2 - -82 composite?
False
Suppose -2*y - 2*y - 8 = 0. Let o(v) = -120*v**3 - 3*v**2 - 5*v - 5. Is o(y) a prime number?
True
Let p be 4/(4 - 2) + -1 - -632. Is (-1)/((-1)/p)*25/15 a prime number?
False
Is (2 - 10)/(-8) + 2445 composite?
True
Let f(n) be the second derivative of -101*n**5/5 - n**4/4 + 3*n**2/2 - 32*n. Is f(-2) composite?
True
Let l(r) = -147*r. Suppose -3*y - 1 = -2*y. Let b be l(y). Let j = b + 30. Is j composite?
True
Let w be 1/(-1 + (2/570 - -1)). Let c = w - -2294. Is c prime?
True
Let b = 13464 - 1195. Is b prime?
True
Suppose -6589 = 7*m - 29682. Suppose -8*g + 7*g + m = 0. Is g a prime number?
True
Let r = 1111 + 2440. Is r a prime number?
False
Suppose -2*q - 2*l = -112 - 40, -3*l = 5*q - 372. Let p = -209 + q. Let b = 250 + p. Is b composite?
False
Let r = -1642 + 699. Let t = r + 1358. Is t a composite number?
True
Let t(u) = -357*u + 784. Is t(-15) a prime number?
False
Let u(g) = -320*g - 123. Is u(-9) a prime number?
False
Let y(z) = 3*z**2 + 121. Let n be y(0). Let s be 1 + -261 - (3 - 2). Let p = n - s. Is p composite?
True
Suppose -5188 = -v + 3*q, -2*v - q + 5176 = -v. Is v a composite number?
False
Suppose 18 = 4*y + 2. Let v be y/(-34) + 371/119. Suppose -v*d + l + 117 = -694, 3*d - 795 = -3*l. Is d a prime number?
True
Suppose f = -1 + 3. Let b(g) = 52*g**2 + 2*g - 1. Is b(f) composite?
False
Let d(i) = 620*i - 2. Let f be d(2). Suppose -68 = -3*p - f. Is (12/(-15))/(12/p) composite?
True
Suppose r - 4*f - 442 = -0*r, -3*f - 15 = 0. Let b be 12/(-112)*4*-1673. Let s = b - r. Is s composite?
True
Let m(b) = 0 - b**2 - 4*b + 0 - 2 - 4*b. Let s be m(-5). Let v = -7 + s. Is v composite?
True
Suppose -6*v = -2*v - 6*g - 44458, 4*g - 55515 = -5*v. Is v composite?
True
Let l(n) = 80*n - 137. Is l(5) prime?
True
Is 5767 + 6 - -3*(-8)/(-6) a prime number?
False
Let o = -539 - -1194. Is o prime?
False
Let k be ((-50)/(-4))/((-7)/(-28)). Let h = k - -17. Suppose h = d - 142. Is d a prime number?
False
Suppose 4*u = -255 + 863. Suppose 5*i + 31 = l, -69 - u = -5*l + 3*i. Suppose -m - 3*a = -70, -5*a = 3*m - 160 - l. Is m prime?
True
Suppose -5*c + c = 0. Suppose c = -0*z + 5*z. Let p(m) = m**2 + m + 59. Is p(z) a prime number?
True
Let r(f) = 3*f - 3. Let h(g) = 9*g - 6 + 3 + 0*g - 6. Let w(x) = 3*h(x) - 8*r(x). Is w(8) a prime number?
False
Is ((-16)/56*-7)/(4/27042) prime?
False
Suppose 3*q + 11 = 4*k - 0*k, k = -3*q + 14. Suppose -2*z = k*d - 3*z - 27, -5*d + 3*z = -31. Suppose 0 = b - d*b + 340. Is b composite?
True
Suppose 4*p + 31*f - 29*f = 944, 1193 = 5*p - 4*f. Is p composite?
True
Suppose 0 = f + 5*s + 6, s = -4*f - 4*s - 24. Is 2/4 - f/12*493 prime?
False
Suppose 6*i - 2*i = 4, 0 = -n - 3*i + 1364. Is n a prime number?
True
Let s be 1 - -1 - (-14 + 14). Suppose -g = -s*j - 2, 2*g + 4 = -4*j - 0*j. Suppose -5*x + 4*x = 3*c - 61, x - 4 = g. Is c a composite number?
False
Suppose g = -2*g - 6, -2*u - 16 = 4*g. Let s(t) = -19*t - 23. Is s(u) composite?
False
Suppose 2 + 0 = -2*k. Is 9*(-134)/6*k prime?
False
Suppose 4*w = -5*b - 2336 - 16512, 18876 = -4*w + 2*b. Let u = 9415 + w. Suppose -3*x + 4*k = -4663, -4*x = -x + 3*k - u. Is x prime?
False
Let f(k) = 13*k**3 - 8*k**2 + 16*k - 34. Is f(9) a prime number?
False
Let d be 12/(-3 - 0) + 66. Suppose 2*g - d = -4*l + 8, 99 = 3*g + 3*l. Is g prime?
True
Let b(k) = -470*k**3 + 2*k**2 + 6*k + 7. Let n = -61 + 59. Is b(n) prime?
False
Let v = -17 + 1. Let w be v/6*(-6)/4. Let x(g) = 13*g**2 - 3*g - 5. Is x(w) prime?
True
Let g = 25 + -21. Suppose -26 = 3*i - g*i. Suppose 0 = -a - i + 285. Is a composite?
True
Let z = -8 + 20. Let t = z + -13. Let x(l) = 2*l**2 - 2*l - 1. Is x(t) a prime number?
True
Suppose 0 = -5*x + 4535 + 4870. Let b = 1624 + x. Is b a prime number?
False
Let o = -1 + 5. Suppose 5*p + b - 16 = 4*b, 4*p - 5*b = 18. Suppose o*r + 5*c = 308 + 279, -271 = -p*r + 5*c. Is r prime?
False
Let k(u) = 59*u - 363. Is k(16) a composite number?
True
Let p(r) = -r - 10. Let o be p(-15). Suppose s = o*s - 1528. Is s composite?
True
Suppose f + 0*n + 3 = -n, -4*n + 23 = -f. Let q(a) = -a**3 - 7*a**2 - a - 6. Let o be q(f). Let c = o - -8. Is c a prime number?
False
Let a = 14 - -7. Let p = 19 - a. Is p - -4 - (-518 - 1) prime?
True
Suppose -4*v = -5*j + 1929, -7*j - 3*v = -6*j - 401. Is j a prime number?
True
Let x be ((-540)/(-24))/((-3)/4). Is (x/8)/(-15) - (-3867)/4 a composite number?
False
Suppose -4*u - l - 4*l + 376 = 0, 2*u - 3*l = 166. Let g be 3 + -2 + 5*u. Suppose 0 = 2*z + 3*b + 35 - g, 993 = 5*z - 4*b. Is z composite?
True
Let x = 3 - 1. Suppose 3*a = 12, -3*i - i + 4 = x*a. Is -3 + i + 14 + 135 a composite number?
True
Let q = -43 + 45. Is (-4)/((-8)/62)*22/q prime?
False
Let u be 1*-2 - 2*(-3)/3. Suppose u = 5*p + 3*j - 4271, 6*p - 4*j - 3404 = 2*p. Is p a prime number?
True
Let m(h) = 42*h**2 - 9*h + 48. Let d be m(4). Let v(q) = q**2 - 6*q + 7. Let b be v(5). Suppose -4*w + 126 = x - d, b*w - 4*x = 414. Is w a composite number?
True
Let x(u) = -3112*u + 31. Is x(-7) a prime number?
False
Let w(u) = 3092*u - 287. Is w(2) a prime number?
True
Let h = -66 - -68. Suppose 5*q - t = t + 6691, h*q - t = 2677. Is q a prime number?
False
Let d(u) = u**2 + 5*u - 78. Is d(-13) a composite number?
True
Suppose -10666 = -64*u + 62*u. Is u composite?
False
Is (-175)/14*(-3 - 717/15) a prime number?
False
Let a(g) = -g**3 - 12*g**2 + 14*g - 8. Let t be a(-13). Is (14/t)/((-4)/1422) prime?
False
Suppose -66*z + 49*z + 357085 = 0. Is z a prime number?
False
Let j be (2 + -1 - -2952)*(-2)/(-2). Suppose 6*t = 5*t + j. Is t prime?
True
Suppose 8 + 2 = 2*t + 2*i, 2*t - 16 = -4*i. Suppose t*q - 5*h - 9 = 0, 0 = 2*q - 4*h - 1 - 7. Suppose -5*x = 0, q*x = -5*l + 7*x + 1335. Is l prime?
False
Suppose 24 = -t - 3*t. Let s be (-346)/t + (-6)/(-18). Suppose j = -0*j + s. Is j a composite number?
True
Let l(a) = -a**3 + 8*a**2 + 2. Let f be l(8). Is f*2/(-16) - 9255/(-12) a composite number?
True
Suppose -5*l = 3*s - 40, -l + 30 = 4*s + 5. Suppose v = -l*n + 958, 4*v - 4 = 8. Is n a prime number?
True
Suppose -4*l = 2*u + 3326, 3*u + 2*u = l + 859. Let r = -415 - l. Is r prime?
True
Let m = 9097 - 4142. Is m a composite number?
True
Let a be 3938/(-2) - (2 - 3). Let g(p) = 420*p**3 + p**2 - 4*p - 13. Let u be g(-2). Let r = a - u. Is r a composite number?
True
Let f(s) be the first derivative of -3*s**2 + s + 2. Let q be f(1). Let x(n) = -39*n - 4. Is x(q) a prime number?
True
Let l(c) = -986*c - 18. Let a be l(-6). Let f = a + -3799. Is f composite?
False
Let q = -7012 + 16241. Is q a prime number?
False
Let b(j) = 5*j**2 + j + 2. Let a be b(-2). Suppose 5*u - 10 = 0, -4*u + 904 = 3*z - 64. Suppose -3*p = -7*p + a, 5*s = 3*p + z. Is s a prime number?
True
Let n(d) = -d**2 - 11*d - 5. Let t(b) = -4*b**2 + b - 1. Let z be t(1). Let j be n(z). Suppose j = 2*p - 195. Is p a prime number?
True
Let n(a) be the second derivative of a**3/6 + 15*a**2/2 + 9*a. Let r be n(-12). Is ((-11)/r)/((-4)/84) a composite number?
True
Let b be (16/7)/(6/21). Suppose 6*p - 4970 = -b*p. Is p prime?
False
Is ((-8497)/87)/((-1)/3 + 0) a composite number?
False
Suppose -5*r = 20825 - 78990. Is r a prime number?
True
Let a be (-10 + 10)/(0 - -1). Suppose -3*y - 5*u = -34, 5*y + a*y + 5*u - 50 = 0. Suppose w - 387 = -y. Is w a composite number?
False
Let v(s) = -s**2 - s. Let j be v(0). Suppose j = q + y - 1, y - 1 = 3*q + 6*y. Is 12*(q + (-20)/(-16)) a prime number?
False
Suppose 2*z - 5*u + 12 = 0, u - 3*u + 24 = 4*z. Suppose -z*i = 3*n - 1265